 = -234 + 626. What is the highest common divisor of 49 and k?
49
Suppose 13 = -3*x + 5*g, -6*g = 3*x - 3*g + 45. Let a = x - -34. What is the highest common divisor of a and 23?
23
Let p(m) = -3*m**3 + m - 1. Let c be p(1). Let x be (c/1)/(1/(-1)). Let a be (135/(-6))/(6/(-8)). Calculate the highest common divisor of x and a.
3
Let t(o) = -3*o - 33. Let i be t(-14). What is the greatest common factor of 3 and i?
3
Suppose -4*t = -4*i + 1140, 2*i + i - 852 = 4*t. What is the greatest common factor of i and 32?
32
Let s(u) = 2*u - 1. Let w(n) = 3*n - 1. Let o(z) = 7*s(z) - 4*w(z). Let i be o(3). Suppose i*p - 4*p = -84. Calculate the highest common divisor of p and 12.
12
Let z = 175 + -49. Calculate the greatest common divisor of z and 18.
18
Let a(r) = 15*r - 10. Let b be a(7). Calculate the highest common divisor of 38 and b.
19
Let x = -104 + 67. Let j = 76 + x. Suppose 0 = 4*y + 4*n - 92, 21 - 59 = -y + 4*n. Calculate the highest common divisor of j and y.
13
Let d be 12/1 + 1 + 0. What is the greatest common factor of d and 117?
13
Suppose 20*g = 15*g + 30. Calculate the highest common factor of 54 and g.
6
Let u(d) = 3*d**2 + d**3 - 6*d - 4 - d**2 + 4*d**2. Let w be u(-5). Let h be (6 - 1)*68/10. What is the highest common factor of h and w?
17
Suppose -5*m - 3 - 2 = 0. Let i = 1 - m. Suppose 240 - 44 = i*c. Calculate the greatest common divisor of 14 and c.
14
Suppose 0 = -3*y + 86 - 8. What is the highest common factor of y and 2?
2
Let t(b) = 2*b**2 - 13*b + 10. Let n be t(10). Suppose 14 = 3*i - 46. Calculate the greatest common factor of n and i.
20
Suppose -4*z - 256 = -4*m, 0 = -4*m - 2*z - 0*z + 262. Let t = 31 + -18. Calculate the greatest common factor of t and m.
13
Let l(j) = -j**3 + 6*j**2 + 4. Suppose 3*u + 3*v = 30, 2*v = 2*u - 2*v + 4. Let k be l(u). Calculate the greatest common divisor of 4 and k.
4
Suppose -2*r + 20 = 2*r. Suppose r*v - 2*g - 376 = 228, -3*g = 6. What is the greatest common factor of 15 and v?
15
Let t(a) = a**3 - 16*a**2 - 16*a - 2. Let g be t(17). Calculate the greatest common factor of 105 and g.
15
Let m be (-882)/6*((-2)/6 - 0). What is the highest common factor of 98 and m?
49
Suppose 2*b = -3*b + 15. Suppose -34 = -b*g + 41. Let k = g - 16. What is the greatest common divisor of k and 36?
9
Suppose -4*w - 28 = -2*n, 4*n + 4*w = 39 - 7. Calculate the greatest common factor of n and 15.
5
Let n = -11 - -1. Let a be (-2)/n - (-447)/15. Calculate the highest common divisor of a and 3.
3
Suppose 2*t = 5*p - 13, -p + 3*p - 7 = -t. Let r be t - -2 - (-1 - 0). Suppose 0*s = -r*s + 28. Calculate the highest common factor of s and 49.
7
Suppose 2*a = 5*w - 41, -a - 3*a = 12. What is the greatest common divisor of 133 and w?
7
Suppose -4*z = 4*t - 48, -3 = 3*z - 0. Calculate the highest common divisor of t and 1.
1
Let f(w) = -w**2 - 6*w + 1. Let c be f(-3). What is the highest common factor of 90 and c?
10
Let z = 201 - 93. Suppose 12 = -25*f + 26*f. Calculate the highest common factor of f and z.
12
Let g = 24 - 4. What is the greatest common divisor of 8 and g?
4
Let v = 407 + -127. Calculate the highest common divisor of v and 28.
28
Let c(o) be the second derivative of -o**5/20 - o**4/3 + 3*o**3/2 + 2*o**2 - 4*o. Let k be c(-7). Calculate the highest common factor of k and 11.
11
Suppose 2*w - 402 + 72 = 0. Let p be 0 + 6/3 + 13. What is the greatest common factor of p and w?
15
Let g(b) = -6*b + b - 10*b - 1 + 2. Let t(o) = -o**3 - 5*o**2 - 4*o - 1. Let w be t(-4). Let a be g(w). Calculate the greatest common divisor of a and 8.
8
Let d(x) = 4*x**2 - 2*x. Let t be d(5). Let c = 139 - t. What is the greatest common divisor of 7 and c?
7
Let y = -13 + 6. Let m = 8 + y. Suppose 0 = x - 1 - m. What is the greatest common divisor of x and 18?
2
Let a be ((-7)/((-21)/54))/(6/3). Calculate the highest common factor of a and 9.
9
Suppose v - 90 = -4*v. What is the highest common divisor of v and 198?
18
Let y(d) = -5*d + 2. Let a be y(-4). Let q be ((-3)/(-2))/((-6)/(-8)). Calculate the highest common divisor of q and a.
2
Suppose 0*f + 3*f = 0. Suppose 3*m = -f*m + 72. Let k = m - 9. What is the greatest common factor of k and 90?
15
Let n be 7 - ((-28)/4 - -3). What is the highest common factor of 121 and n?
11
Let v = 29 + -16. Let m = -2362 + 808. Let r be (-4)/(-10) + m/(-15). Calculate the highest common factor of r and v.
13
Let s(g) = g**3 - 5*g**2 + g - 4. Let p be s(6). What is the greatest common divisor of 95 and p?
19
Suppose -5*j + 25 = -5*z + 7*z, 2*z + 2*j = 34. What is the highest common factor of 4 and z?
4
Let n(f) = -f + 4. Let t be n(-4). What is the greatest common factor of t and 56?
8
Let a = 0 - 0. Suppose a = 2*t - t - 4. Calculate the greatest common divisor of t and 32.
4
Let c be (-120)/(-48)*((-336)/10)/(-3). What is the highest common factor of 4 and c?
4
Let i be (-6)/(-4)*144/27. Let p(k) = -k**3 + 9*k**2 - 5*k + 12. Let c be p(i). What is the greatest common divisor of 18 and c?
18
Let y = 53 - 43. What is the highest common divisor of y and 90?
10
Let b be ((-135)/10 + -1)*-2. Calculate the greatest common divisor of b and 87.
29
Let m(c) = 27*c**3 + c**2. Let f be m(2). What is the greatest common factor of f and 20?
20
Let v(z) = 9*z. Let b be v(1). Suppose 2*l = -l + i - 240, i - 160 = 2*l. Let g be (-1 + 2)/1 - l. Calculate the highest common factor of b and g.
9
Suppose 2*a + 5*w - 6*w = 37, -43 = -3*a - w. Calculate the greatest common factor of a and 96.
16
Let m = -16 - -23. Let f(u) = 7*u + 1. Let g be f(m). What is the greatest common divisor of 20 and g?
10
Let p = 1 + 96. Suppose -p = 3*i - 229. Let c = -111 - -177. What is the greatest common divisor of c and i?
22
Suppose 4*g - 4*q - 117 = -q, 0 = 5*q - 5. What is the highest common divisor of 10 and g?
10
Suppose 7*z - 3*z + 20 = 0. Let n be 0 - (-1 + z + -2). Calculate the highest common factor of n and 88.
8
Suppose t - 102 = -4. Suppose w + 181 = 2*h, 3*h - 2*w - t = 2*h. What is the greatest common factor of h and 8?
8
Suppose 0 = 4*i - 0*i + 100. Let b = i - -40. Calculate the greatest common divisor of 165 and b.
15
Suppose -4*l = 4*v - 37 - 75, -16 = -v + 5*l. What is the greatest common factor of v and 286?
26
Let t(n) = 4*n**2 + 4*n + 9. Let u be t(-9). Suppose 2*o - 3*h - 204 = h, -3*o - 3*h = -u. Calculate the highest common divisor of o and 40.
20
Let p = -15 + 27. Let d = 0 + 0. Suppose 4*a - 16 = -4*h - d*h, -h - 26 = -4*a. Calculate the greatest common divisor of p and a.
6
Let o = 3 - -4. Let z be (6/4)/((-9)/(-336)). What is the highest common factor of z and o?
7
Suppose -1 = -3*c + 5. Calculate the greatest common divisor of 6 and c.
2
Suppose 2*c + 72 = 5*c. Suppose 0*z = -4*z. Suppose z = -5*b + 2*b + c. Calculate the greatest common divisor of b and 4.
4
Let a(r) = 2*r**2 - 8*r + 8. Let z be a(4). Calculate the highest common divisor of 64 and z.
8
Let m be 1*-3*10/(-6). Suppose -b + m + 2 = 0. Suppose -3*c = -3*k + 101 - 23, 100 = 5*k + c. Calculate the highest common divisor of b and k.
7
Let o(y) = -y + y**2 - 8*y - y - 2. Let g(f) = f**3 + 5*f**2 - f + 6. Let t be g(-5). Let a be o(t). Calculate the highest common divisor of 18 and a.
9
Let m = -2 + 5. Let j(q) = -q**3 + 5*q**2 + 2*q + 1. Let o be j(m). Suppose 6 + 7 = 5*f - 3*h, 5*f = 2*h + 17. What is the highest common factor of o and f?
5
Let t = -5 - -20. Let g = t - 13. What is the highest common factor of g and 2?
2
Let b = -30 - -63. Suppose 2*o + o = b. Suppose s - 6 - 52 = p, -2*s = -3*p - 119. Calculate the greatest common factor of o and s.
11
Let y = 86 + -84. Suppose -8 = -v - 3*v. What is the highest common divisor of v and y?
2
Suppose 2*d + 12 - 16 = 0. What is the greatest common divisor of d and 6?
2
Let i be 1*2*-1 - 1. Let d be i/2*-454 + 1. Suppose 4*q + 198 - d = 0. Calculate the greatest common divisor of 11 and q.
11
Let f(q) = 21*q + 3. Let m be f(3). Calculate the greatest common divisor of m and 6.
6
Let c = -8 + 56. Let q = c + -3. Calculate the greatest common divisor of q and 5.
5
Suppose -2*i - 3*i - 99 = -3*y, 0 = 5*i. Calculate the highest common factor of 1 and y.
1
Let v(j) = 8*j + 4. Let b be v(12). Let a(c) = -c**2 + 11*c + 10. Let u be a(10). Calculate the highest common divisor of u and b.